{"id":73,"date":"2019-04-15T14:20:43","date_gmt":"2019-04-15T12:20:43","guid":{"rendered":"http:\/\/sbk-factory.de\/?page_id=73"},"modified":"2019-10-10T11:14:24","modified_gmt":"2019-10-10T09:14:24","slug":"dienstleistungen","status":"publish","type":"page","link":"https:\/\/sbk-factory.de\/?page_id=73","title":{"rendered":"Dienstleistungen"},"content":{"rendered":"<p>[et_pb_section fb_built=&#8220;1&#8243; _builder_version=&#8220;3.22.1&#8243; background_color=&#8220;#333134&#8243;][et_pb_row _builder_version=&#8220;3.22.1&#8243;][et_pb_column type=&#8220;1_4&#8243; _builder_version=&#8220;3.22.1&#8243;][et_pb_image src=&#8220;https:\/\/sbk-factory.de\/wp-content\/uploads\/2019\/10\/0024.jpg&#8220; align=&#8220;center&#8220; _builder_version=&#8220;3.22.1&#8243; border_width_all=&#8220;1px&#8220; border_color_all=&#8220;#000000&#8243; transform_scale_last_edited=&#8220;on|desktop&#8220; transform_translate_tablet=&#8220;-40px|0px&#8220; transform_translate_phone=&#8220;-67px|0px&#8220; transform_translate_last_edited=&#8220;on|desktop&#8220; transform_translate_linked_tablet=&#8220;off&#8220; transform_translate_linked_phone=&#8220;off&#8220; transform_rotate_last_edited=&#8220;on|desktop&#8220; transform_skew_last_edited=&#8220;on|desktop&#8220; transform_origin_last_edited=&#8220;on|desktop&#8220; transform_styles_last_edited=&#8220;on|desktop&#8220; width=&#8220;100%&#8220; max_width=&#8220;65%&#8220; module_alignment=&#8220;right&#8220; max_height=&#8220;1000px&#8220; filter_saturate=&#8220;26%&#8220; animation_style=&#8220;fade&#8220;][\/et_pb_image][\/et_pb_column][et_pb_column type=&#8220;1_4&#8243; _builder_version=&#8220;3.22.1&#8243;][et_pb_text _builder_version=&#8220;3.22.1&#8243;]<\/p>\n<ul>\n<li><span style=\"text-decoration: underline;\"><strong>Alles Rund ums Rad<\/strong><\/span><\/li>\n<li>Bremsbel\u00e4ge<\/li>\n<li>Aus- und Einbau R\u00e4der<\/li>\n<li>Altreifen entsorgung<\/li>\n<li>De- und Endmontage inkl. Wuchten<\/li>\n<li>Bestellungen (Stra\u00dfe, Rennsport)<\/li>\n<\/ul>\n<p>[\/et_pb_text][\/et_pb_column][et_pb_column type=&#8220;1_4&#8243; _builder_version=&#8220;3.22.1&#8243;][et_pb_image src=&#8220;https:\/\/sbk-factory.de\/wp-content\/uploads\/2019\/05\/IMG_20190416_194358.jpg&#8220; _builder_version=&#8220;3.22.1&#8243; border_width_all=&#8220;1px&#8220; border_color_all=&#8220;#000000&#8243; transform_scale_last_edited=&#8220;on|desktop&#8220; transform_scale_linked_tablet=&#8220;off&#8220; transform_translate_tablet=&#8220;-35px|0px&#8220; transform_translate_phone=&#8220;-71px|-12px&#8220; transform_translate_last_edited=&#8220;on|desktop&#8220; transform_translate_linked_tablet=&#8220;off&#8220; transform_translate_linked_phone=&#8220;off&#8220; transform_rotate_last_edited=&#8220;on|desktop&#8220; transform_skew_last_edited=&#8220;on|desktop&#8220; transform_origin_last_edited=&#8220;on|desktop&#8220; transform_styles_last_edited=&#8220;on|desktop&#8220; max_width=&#8220;70%&#8220; module_alignment=&#8220;right&#8220; filter_saturate=&#8220;38%&#8220; animation_style=&#8220;fade&#8220;][\/et_pb_image][\/et_pb_column][et_pb_column type=&#8220;1_4&#8243; _builder_version=&#8220;3.22.1&#8243;][et_pb_text _builder_version=&#8220;3.22.1&#8243;]<\/p>\n<ul>\n<li><span style=\"text-decoration: underline;\"><strong>Kundendienste<\/strong><\/span><\/li>\n<li>\u00d6lwechsel<\/li>\n<li>Fl\u00fcssigkeitswechsel<\/li>\n<li>Durchsicht<\/li>\n<li>Kettenantrieb<\/li>\n<li>Zubeh\u00f6r-Anbauten<\/li>\n<\/ul>\n<p>[\/et_pb_text][\/et_pb_column][\/et_pb_row][et_pb_row _builder_version=&#8220;3.22.1&#8243;][et_pb_column type=&#8220;1_4&#8243; _builder_version=&#8220;3.22.1&#8243;][et_pb_text _builder_version=&#8220;3.22.1&#8243; text_font=&#8220;||||||||&#8220; ul_font=&#8220;||||||||&#8220; header_font=&#8220;||||||||&#8220; transform_translate_linked=&#8220;off&#8220;]<\/p>\n<ul>\n<li><span style=\"text-decoration: underline;\"><strong>Sonstiges<\/strong><\/span><\/li>\n<li>T\u00dcV (HU \/ AU)<\/li>\n<li>Entsorgung (Batterie \/ Alt-\u00d6l)<\/li>\n<li>Beratung Zubeh\u00f6r \/ Tuning<\/li>\n<li>Techn. Erste-Hilfe vor Ort<\/li>\n<\/ul>\n<p>[\/et_pb_text][\/et_pb_column][et_pb_column type=&#8220;1_4&#8243; _builder_version=&#8220;3.22.1&#8243;][et_pb_image src=&#8220;https:\/\/sbk-factory.de\/wp-content\/uploads\/2019\/10\/0021.jpg&#8220; _builder_version=&#8220;3.22.1&#8243; border_width_all=&#8220;1px&#8220; border_color_all=&#8220;#000000&#8243; transform_scale_last_edited=&#8220;on|desktop&#8220; transform_translate=&#8220;-13px|-16px&#8220; transform_translate_phone=&#8220;43px|-16px&#8220; transform_translate_last_edited=&#8220;on|desktop&#8220; transform_translate_linked_phone=&#8220;off&#8220; transform_rotate_last_edited=&#8220;on|desktop&#8220; transform_skew_last_edited=&#8220;on|desktop&#8220; transform_origin_last_edited=&#8220;on|desktop&#8220; transform_styles_last_edited=&#8220;on|desktop&#8220; max_width=&#8220;70%&#8220; module_alignment=&#8220;left&#8220; filter_saturate=&#8220;9%&#8220; animation_style=&#8220;fade&#8220; animation_delay=&#8220;150ms&#8220;][\/et_pb_image][\/et_pb_column][et_pb_column type=&#8220;1_4&#8243; _builder_version=&#8220;3.22.1&#8243;][et_pb_text _builder_version=&#8220;3.22.1&#8243;]<\/p>\n<ul>\n<li><span style=\"text-decoration: underline;\"><strong>2-Rad-Rennsport<\/strong><\/span><\/li>\n<li>Events \/ Veranstaltungen<\/li>\n<li>Fahrwerk \/ Antrieb \/ Elektronik<\/li>\n<li>uvm.<\/li>\n<li>Weitere Informationen auf Anfrage<\/li>\n<\/ul>\n<p>[\/et_pb_text][\/et_pb_column][et_pb_column type=&#8220;1_4&#8243; _builder_version=&#8220;3.22.1&#8243;][et_pb_image src=&#8220;https:\/\/sbk-factory.de\/wp-content\/uploads\/2019\/05\/1.jpg&#8220; _builder_version=&#8220;3.22.1&#8243; border_width_all=&#8220;1px&#8220; border_color_all=&#8220;#000000&#8243; transform_scale=&#8220;116%|116%&#8220; transform_scale_last_edited=&#8220;on|desktop&#8220; transform_translate=&#8220;7px|-12px&#8220; transform_translate_phone=&#8220;64px|-12px&#8220; transform_translate_last_edited=&#8220;on|desktop&#8220; transform_translate_linked=&#8220;off&#8220; transform_rotate_last_edited=&#8220;on|desktop&#8220; transform_skew_last_edited=&#8220;on|desktop&#8220; transform_origin_last_edited=&#8220;on|desktop&#8220; transform_styles_last_edited=&#8220;on|desktop&#8220; max_width=&#8220;56%&#8220; module_alignment=&#8220;left&#8220; custom_margin=&#8220;0px||&#8220; custom_padding=&#8220;0px||&#8220; filter_saturate=&#8220;0%&#8220; animation_style=&#8220;fade&#8220; animation_delay=&#8220;150ms&#8220;][\/et_pb_image][\/et_pb_column][\/et_pb_row][\/et_pb_section][et_pb_section fb_built=&#8220;1&#8243; fullwidth=&#8220;on&#8220; _builder_version=&#8220;3.22.1&#8243; background_image=&#8220;https:\/\/sbk-factory.de\/wp-content\/uploads\/2019\/10\/0025.jpg&#8220; parallax=&#8220;on&#8220; parallax_method=&#8220;off&#8220; animation_style=&#8220;fade&#8220;][\/et_pb_section]<\/p>\n","protected":false},"excerpt":{"rendered":"<p>[et_pb_section fb_built=&#8220;1&#8243; _builder_version=&#8220;3.22.1&#8243; background_color=&#8220;#333134&#8243;][et_pb_row _builder_version=&#8220;3.22.1&#8243;][et_pb_column type=&#8220;1_4&#8243; _builder_version=&#8220;3.22.1&#8243;][et_pb_image src=&#8220;https:\/\/sbk-factory.de\/wp-content\/uploads\/2019\/10\/0024.jpg&#8220; align=&#8220;center&#8220; _builder_version=&#8220;3.22.1&#8243; border_width_all=&#8220;1px&#8220; border_color_all=&#8220;#000000&#8243; transform_scale_last_edited=&#8220;on|desktop&#8220; transform_translate_tablet=&#8220;-40px|0px&#8220; transform_translate_phone=&#8220;-67px|0px&#8220; transform_translate_last_edited=&#8220;on|desktop&#8220; transform_translate_linked_tablet=&#8220;off&#8220; transform_translate_linked_phone=&#8220;off&#8220; transform_rotate_last_edited=&#8220;on|desktop&#8220; transform_skew_last_edited=&#8220;on|desktop&#8220; transform_origin_last_edited=&#8220;on|desktop&#8220; transform_styles_last_edited=&#8220;on|desktop&#8220; width=&#8220;100%&#8220; max_width=&#8220;65%&#8220; module_alignment=&#8220;right&#8220; max_height=&#8220;1000px&#8220; filter_saturate=&#8220;26%&#8220; animation_style=&#8220;fade&#8220;][\/et_pb_image][\/et_pb_column][et_pb_column type=&#8220;1_4&#8243; _builder_version=&#8220;3.22.1&#8243;][et_pb_text _builder_version=&#8220;3.22.1&#8243;] Alles Rund ums Rad Bremsbel\u00e4ge Aus- und Einbau R\u00e4der Altreifen entsorgung De- und Endmontage inkl. Wuchten Bestellungen (Stra\u00dfe, Rennsport) [\/et_pb_text][\/et_pb_column][et_pb_column type=&#8220;1_4&#8243; _builder_version=&#8220;3.22.1&#8243;][et_pb_image src=&#8220;https:\/\/sbk-factory.de\/wp-content\/uploads\/2019\/05\/IMG_20190416_194358.jpg&#8220; _builder_version=&#8220;3.22.1&#8243; [&hellip;]<\/p>\n","protected":false},"author":1,"featured_media":0,"parent":0,"menu_order":0,"comment_status":"closed","ping_status":"closed","template":"","meta":{"_et_pb_use_builder":"on","_et_pb_old_content":"Services","footnotes":""},"class_list":["post-73","page","type-page","status-publish","hentry"],"_links":{"self":[{"href":"https:\/\/sbk-factory.de\/index.php?rest_route=\/wp\/v2\/pages\/73","targetHints":{"allow":["GET"]}}],"collection":[{"href":"https:\/\/sbk-factory.de\/index.php?rest_route=\/wp\/v2\/pages"}],"about":[{"href":"https:\/\/sbk-factory.de\/index.php?rest_route=\/wp\/v2\/types\/page"}],"author":[{"embeddable":true,"href":"https:\/\/sbk-factory.de\/index.php?rest_route=\/wp\/v2\/users\/1"}],"replies":[{"embeddable":true,"href":"https:\/\/sbk-factory.de\/index.php?rest_route=%2Fwp%2Fv2%2Fcomments&post=73"}],"version-history":[{"count":20,"href":"https:\/\/sbk-factory.de\/index.php?rest_route=\/wp\/v2\/pages\/73\/revisions"}],"predecessor-version":[{"id":292,"href":"https:\/\/sbk-factory.de\/index.php?rest_route=\/wp\/v2\/pages\/73\/revisions\/292"}],"wp:attachment":[{"href":"https:\/\/sbk-factory.de\/index.php?rest_route=%2Fwp%2Fv2%2Fmedia&parent=73"}],"curies":[{"name":"wp","href":"https:\/\/api.w.org\/{rel}","templated":true}]}}